igit of 638914274?
4
What is the tens digit of 353939506?
0
What is the units digit of 2066067044?
4
What is the units digit of 4712726?
6
What is the billions digit of 1384601416?
1
What is the hundreds digit of 119770451?
4
What is the hundred thousands digit of 299390950?
3
What is the thousands digit of 181549834?
9
What is the ten millions digit of 4220341540?
2
What is the thousands digit of 687356868?
6
What is the hundreds digit of 788973862?
8
What is the units digit of 452417647?
7
What is the ten thousands digit of 102522484?
2
What is the ten thousands digit of 236000309?
0
What is the millions digit of 156593497?
6
What is the tens digit of 292894469?
6
What is the hundreds digit of 9775533?
5
What is the ten millions digit of 56867103?
5
What is the ten millions digit of 65505327?
6
What is the ten thousands digit of 15999627?
9
What is the thousands digit of 11833575?
3
What is the ten millions digit of 56521919?
5
What is the thousands digit of 47251438?
1
What is the ten thousands digit of 1850363637?
6
What is the ten thousands digit of 36846907?
4
What is the hundreds digit of 25671069?
0
What is the ten millions digit of 21414565?
2
What is the tens digit of 174212765?
6
What is the billions digit of 7797703106?
7
What is the hundred millions digit of 428312877?
4
What is the hundreds digit of 845287156?
1
What is the hundreds digit of 381541271?
2
What is the units digit of 3031614?
4
What is the hundreds digit of 15930195?
1
What is the hundreds digit of 79859595?
5
What is the ten millions digit of 55699957?
5
What is the ten thousands digit of 2239452473?
5
What is the thousands digit of 779052843?
2
What is the thousands digit of 728494891?
4
What is the tens digit of 93613058?
5
What is the hundreds digit of 76905266?
2
What is the ten thousands digit of 275001371?
0
What is the tens digit of 1733049634?
3
What is the thousands digit of 34988106?
8
What is the hundred thousands digit of 252834464?
8
What is the millions digit of 406525278?
6
What is the ten thousands digit of 200717070?
1
What is the ten millions digit of 822031082?
2
What is the millions digit of 80646015?
0
What is the billions digit of 1899888387?
1
What is the tens digit of 199016800?
0
What is the hundred thousands digit of 4145892305?
8
What is the thousands digit of 503786916?
6
What is the thousands digit of 40419242?
9
What is the millions digit of 39501962?
9
What is the hundred thousands digit of 146722010?
7
What is the hundred thousands digit of 68124225?
1
What is the units digit of 43986148?
8
What is the billions digit of 3011809500?
3
What is the hundreds digit of 51488685?
6
What is the hundreds digit of 2391050716?
7
What is the ten millions digit of 118530536?
1
What is the ten thousands digit of 28365848?
6
What is the hundred millions digit of 674129904?
6
What is the hundred thousands digit of 2297292504?
2
What is the hundred thousands digit of 43929406?
9
What is the ten millions digit of 1829820181?
2
What is the millions digit of 395721900?
5
What is the hundred millions digit of 2261900371?
2
What is the ten millions digit of 32311562?
3
What is the ten thousands digit of 568131273?
3
What is the thousands digit of 54509706?
9
What is the thousands digit of 240568250?
8
What is the hundred thousands digit of 3072845867?
8
What is the ten millions digit of 178203153?
7
What is the millions digit of 16673655?
6
What is the hundreds digit of 56142543?
5
What is the thousands digit of 8704992?
4
What is the tens digit of 190300180?
8
What is the units digit of 4287162346?
6
What is the ten millions digit of 330091790?
3
What is the hundred thousands digit of 16759488?
7
What is the units digit of 117541040?
0
What is the millions digit of 837119039?
7
What is the ten thousands digit of 5023351733?
5
What is the units digit of 1426612345?
5
What is the ten thousands digit of 1762515345?
1
What is the tens digit of 43967367?
6
What is the tens digit of 21944786?
8
What is the hundred thousands digit of 334886028?
8
What is the millions digit of 6758910773?
8
What is the hundred thousands digit of 931686053?
6
What is the tens digit of 24066439?
3
What is the hundred thousands digit of 846992789?
9
What is the millions digit of 35293331?
5
What is the hundreds digit of 839828119?
1
What is the hundred millions digit of 297576229?
2
What is the hundred millions digit of 206538212?
2
What is the hundreds digit of 39603004?
0
What is the hundred thousands digit of 480665569?
6
What is the hundreds digit of 382213790?
7
What is the hundred thousands digit of 3672599620?
5
What is the thousands digit of 1311143621?
3
What is the hundreds digit of 302723379?
3
What is the hundred millions digit of 150155934?
1
What is the units digit of 51622774?
4
What is the hundred millions digit of 3699302799?
6
What is the tens digit of 33055924?
2
What is the ten millions digit of 39456413?
3
What is the hundreds digit of 296375?
3
What is the hundreds digit of 74081078?
0
What is the tens digit of 112618959?
5
What is the hundred thousands digit of 14158363?
1
What is the millions digit of 246039627?
6
What is the tens digit of 408470225?
2
What is the millions digit of 815348736?
5
What is the units digit of 52783561?
1
What is the hundreds digit of 186080178?
1
What is the hundreds digit of 90986921?
9
What is the hundreds digit of 289768911?
9
What is the units digit of 2390916209?
9
What is the thousands digit of 92820136?
0
What is the units digit of 7607639180?
0
What is the units digit of 39928019?
9
What is the thousands digit of 77009284?
9
What is the millions digit of 143896322?
3
What is the ten millions digit of 36424037?
3
What is the hundred millions digit of 174072165?
1
What is the thousands digit of 172903833?
3
What is the thousands digit of 522592773?
2
What is the billions digit of 2890358542?
2
What is the ten thousands digit of 82061962?
6
What is the billions digit of 3599713106?
3
What is the hundred millions digit of 8015546277?
0
What is the millions digit of 138367486?
8
What is the units digit of 13304093?
3
What is the hundreds digit of 457314668?
6
What is the hundred millions digit of 1484792729?
4
What is the ten millions digit of 131074497?
3
What is the ten thousands digit of 270548830?
4
What is the tens digit of 373970004?
0
What is the hundred thousands digit of 2130949486?
9
What is the ten millions digit of 67809020?
6
What is the ten millions digit of 4455246670?
5
What is the hundreds digit of 2526775462?
4
What is the hundreds digit of 32705881?
8
What is the hundred thousands digit of 72443022?
4
What is the ten millions digit of 66931905?
6
What is the ten millions digit of 539406418?
3
What is the hundred millions digit of 1056222136?
0
What is the hundreds digit of 82982101?
1
What is the thousands digit of 1815888?
5
What is the units digit of 40434464?
4
What is the units digit of 5484021863?
3
What is the ten millions digit of 69726659?
6
What is the ten millions digit of 51565290?
5
What is the ten millions digit of 171908516?
7
What is the thousands digit of 408863426?
3
What is the hundred thousands digit of 43052212?
0
What is the ten thousands digit of 1816955859?
5
What is the ten thousands digit of 126040486?
4
What is the millions digit of 2911996627?
1
What is the tens digit of 2879014845?
4
What is the hundreds digit of 443619163?
1
What is the tens digit of 106057662?
6
What is the units digit of 1076322775?
5
What is the millions digit of 29715219?
9
What is the ten millions digit of 100222667?
0
What is the ten thousands digit of 2648100091?
0
What is the hundreds digit of 1178699593?
5
What is the ten millions digit of 798458118?
9
What is the tens digit of 567840022?
2
What is the thousands digit of 3977689?
7
What is the hundred thousands digit of 432158671?
1
What is the hundreds digit of 3480561414?
4
What is the units digit of 129116156?
6
What is the ten thousands digit of 4393245436?
4
What is the thousands digit of 1386306426?
6
What is the millions digit of 414149744?
4
What is the millions digit of 4211055?
4
What is the hundred thousands digit of 282061124?
0
What is the hundred millions digit of 2868842217?
8
What is the thousands digit of 135041283?
1
What is the th